4/15)/((-6)/(-45)). Let f = 22 - c. List the prime factors of f - 3*1/1.
7
Suppose 0 = -4*c, 5*c = 5*w - 10 - 10. Suppose w*k + 32 = 2*u, -1 + 16 = -3*k. Suppose -3*g = -4*i - 21, u*i - 4*i - 14 = -2*g. What are the prime factors of g?
7
Suppose i - 3*u = -2*i + 12, 2 = u. Let y = 21 - i. What are the prime factors of y?
3, 5
Let u(k) = -4 + 40*k - 34*k + 11*k**2 - 5*k**2 + 5*k**2. List the prime factors of u(-3).
7, 11
Let t(p) = p**3 - 4*p**2 - 2*p - 4. Let r be t(5). Let w = r - -222. List the prime factors of w.
233
Let c = -315 + 489. What are the prime factors of c?
2, 3, 29
Suppose t = -2*v + 5, 7*t - 4*t = -3*v + 9. Let f(k) = -2*k**2 + 1. Let w be f(t). List the prime factors of (w - -5)*(6 - 2).
2
Suppose 14 = -2*q + m, 4*q + 22 + 12 = 5*m. Let x(a) = -21*a - 14. What are the prime factors of x(q)?
2, 7
What are the prime factors of (-552)/(-18)*6*5?
2, 5, 23
Let a(f) = -f**2 + 22*f + 4. Let v be a(27). What are the prime factors of (12 - 5)*(v/(-7) + 1)?
2, 3, 23
Let l be (-2)/6 - 10/(-3). Suppose b + 15 = 5*j - 3*b, -4*b - 9 = -3*j. Suppose -j*d - l*p + 18 = 0, 4*d - 13 - 2 = 5*p. List the prime factors of d.
5
Let g(t) = t - 5. Let h be g(-10). Let u be 2/(-10) - 3/h. Suppose 62 = 5*x - 3*n, u*x - 22 = -2*x + 4*n. List the prime factors of x.
13
Suppose 0 = -3*u - 5*j + 7726, 2*u + 0*j + j = 5146. What are the prime factors of u?
2, 643
Suppose 4*h + 1603 = 3*r, 6*r = 2*r + 4*h + 2140. What are the prime factors of r?
3, 179
Suppose 5*v = v. Suppose v = 3*x + m - 0*m - 70, -25 = 5*m. Suppose 2*k - x = k. List the prime factors of k.
5
Let y(t) = 61*t**3 - 1 - 12*t**2 + t + 12*t**2. Let g be y(1). Let f = 99 - g. List the prime factors of f.
2, 19
List the prime factors of (-237732)/(-484) - 2/11.
491
Suppose 4*j - 17 - 3 = 0. Suppose -o - t = -57, j*t - 119 = -2*o + 2*t. What are the prime factors of o?
2, 13
Suppose -5 = t + 2*v, -3*v + 7*v + 4 = 0. Let a be (-10)/15 - 14/t. Suppose 5*f = a*l - 94, 3*l - 4*f + 6*f - 59 = 0. What are the prime factors of l?
3, 7
Let k = 17 - 14. Let r be -17 + 1 - 6/6. List the prime factors of -3 + k - (r + -4).
3, 7
Let d = 1497 + -846. List the prime factors of d.
3, 7, 31
Suppose 135 = 3*u - 297. What are the prime factors of u?
2, 3
Suppose 8*t - 3156 = -228. What are the prime factors of t?
2, 3, 61
Suppose -11*o = -15037 - 8294. List the prime factors of o.
3, 7, 101
Suppose 2*n - 2*r + r + 20 = 0, -64 = 4*n + 4*r. List the prime factors of n/(((-108)/(-208))/(-9)).
2, 13
Let g(r) = 150*r - 168. List the prime factors of g(8).
2, 3, 43
Suppose -7*j + 4*j + 231 = 0. Let v = j + -43. What are the prime factors of v?
2, 17
Suppose -925 = -14*x + 1175. What are the prime factors of x?
2, 3, 5
Suppose -5*v + 4*x = -825, 4*x = -v - v + 302. Let f = 228 - v. What are the prime factors of f?
67
Let x(m) = -m**2 + m + 1. Suppose -g + 3 = -0, 2*u + 15 = 5*g. Let y be x(u). Suppose 3*w - 10 = -y. What are the prime factors of w?
3
Let m(b) = b**3 - 3*b**2 - b + 3. Let c be m(3). Suppose 4*k - 650 + 126 = c. List the prime factors of k.
131
Let s = 322 - 88. Let c = s + -96. List the prime factors of c.
2, 3, 23
Let g(s) = -27*s - 96. Let b(u) = -7*u - 24. Let c(n) = 21*b(n) - 5*g(n). List the prime factors of c(-18).
2, 3
Suppose 2*k + 9515 = 5*j + 3*k, 5709 = 3*j - 3*k. List the prime factors of j.
11, 173
Suppose -p + 345 - 10 = 4*n, 0 = 4*n - 2*p - 326. Suppose -n - 66 = -c. What are the prime factors of c?
149
Let t(u) = 6 - 5 + 2*u + 3 + 5. Let i be t(5). Let v = 29 - i. What are the prime factors of v?
2, 5
Let u be 0/2 + 1 - -6. Suppose -u*v + 4*v + 378 = 0. List the prime factors of (-1)/4 + v/24.
5
Suppose -3*r + 8 = -4. Suppose 20 + 0 = r*o. Suppose 5*t + 36 = -0*d + d, 0 = -o*t - 15. List the prime factors of d.
3, 7
Suppose -2*k + d - 1091 = -3*k, 4*k = 2*d + 4376. What are the prime factors of k?
1093
Let n be 2 + 4*2/8. Suppose -3*f = -4*l + 121, n*l - 5*f + 24 = 123. Suppose l = 4*s + r - 0*r, 3*s = 2*r + 32. List the prime factors of s.
2
Suppose -10*u = -7*u - 228. List the prime factors of u.
2, 19
Let n = -1383 + 3172. List the prime factors of n.
1789
Suppose 6*v - v = -185. Suppose -2*r - 3 - 3 = 3*a, r - 3*a - 15 = 0. List the prime factors of r/6 - v/2.
19
Let k(a) = 587*a + 113. List the prime factors of k(3).
2, 937
Let z = -17 - -19. Suppose -6*a = z*l - a - 206, -a = -4*l + 434. What are the prime factors of (l/(-126))/(2/(-70))?
2, 3, 5
Let m = -91 - -55. Let q = m - -36. Let i(f) = 2*f + 62. List the prime factors of i(q).
2, 31
Suppose b - 12 = 6. Let o = b + 43. What are the prime factors of o?
61
Let r(k) = 104*k + 28. Let a be r(5). Suppose -387 - a = -5*l. What are the prime factors of l?
11, 17
Let y(x) = -x**3 - 69*x**2 - 240*x - 96. What are the prime factors of y(-66)?
2, 3, 223
Suppose -2*n + 7*k - 2*k = -120, -20 = 5*k. Let p = 191 - n. List the prime factors of p.
3, 47
Let j = -7 + 15. Suppose 5*d = -j + 78. Suppose 10*a + 100 = d*a. List the prime factors of a.
5
Let m(c) be the second derivative of 5*c**3/2 - 2*c**2 + 2*c. What are the prime factors of m(10)?
2, 73
Suppose -5*j + 164 = -4*q - 606, -5*j = 2*q - 770. What are the prime factors of j?
2, 7, 11
Suppose -7*x + 3*x = -3*b - 19, 4*b + 4*x - 12 = 0. List the prime factors of b/1*(-17)/(34/48).
2, 3
Let t = 142 + -134. Let q(m) = m**3 - 2*m**2 - 14*m + 20. List the prime factors of q(t).
2, 73
Suppose -2*q = 8*d - 5*d - 4429, q = -5*d + 2197. List the prime factors of q.
2, 11, 101
Let q(n) = -n**3 + n**2 + n + 1. Let c(t) = -2*t**3 + 15*t**2 + 6*t + 4. Let a(s) = c(s) - 3*q(s). List the prime factors of a(-10).
3, 19
Let s(p) = 5*p - 7. Let t be -16 + 21 - (-1 - -4). Suppose t + 3 = h. List the prime factors of s(h).
2, 3
Suppose 6*i + 962 = 3110. Let v = -81 + i. List the prime factors of v.
277
Let l(d) = -d + 7. Let j be l(4). Suppose j*q - 5*i = 89, -4*i - 32 = -3*q + 56. Suppose w - 46 = -2*x + 5*w, -x - 3*w = -q. List the prime factors of x.
5
Let c be 130/6 - 2/3. Let m(q) = q - 6. Let u be m(-7). Let d = c + u. What are the prime factors of d?
2
List the prime factors of 40 + 1536 + 3/(-1).
11, 13
Let m(l) = -2 + 8*l**3 - 3*l**3 - 2*l - 2*l**2 + 6*l. Let r be m(4). What are the prime factors of (-14)/(-119) - r/(-34)?
3
Let f be 6 + (-3)/(-2 + 5). Suppose -5*r - 35 = j, -2*j = r - f*r + 112. What are the prime factors of (-1 - (j - -4)) + 0?
3, 5
Let m(z) = 9*z + 35. What are the prime factors of m(-2)?
17
Suppose 64*a = 67*a - 18. List the prime factors of a - -2 - 0/(-2 + 3).
2
Let x(k) = 184*k**2 + 3*k - 2. List the prime factors of x(1).
5, 37
Suppose -15*v + 16*v - 4 = 0. Suppose -4 = -v*c + 136. What are the prime factors of c?
5, 7
Suppose 0 = c + 3*m + 23 - 4, 5*c + 95 = -2*m. Let v = 18 + c. Let n = 7 - v. What are the prime factors of n?
2
Suppose -3*x + 3*r = r - 27, 67 = 5*x + 4*r. Let p(c) = -2*c - 1. Let a be p(-4). Suppose -a - x = -i. List the prime factors of i.
2, 3
Let u(y) = y + 1. Let g be u(-1). Suppose -4*t - 5 + 9 = g. What are the prime factors of (t - -1)/((-2)/(-38))?
2, 19
Suppose -10*f = 42 - 102. List the prime factors of f.
2, 3
Suppose 9*g - 4*g - 3*q - 985 = 0, 4*g - q - 795 = 0. What are the prime factors of g?
2, 5
Let r be (-5 - (-12 + -4))*55. Suppose -3*z + 0*c + 380 = -c, 0 = 5*z + 4*c - r. What are the prime factors of z?
5
Let d = -43 + 47. Suppose -d*v - 174 = 5*k - 617, -2*k - v + 176 = 0. List the prime factors of k.
3, 29
Let p(b) = -b - 2. Let u be p(-7). Suppose 5*n - 25 - 20 = -u*a, -4*n + 6 = -2*a. Suppose 46 = 3*r - j, -4*r + 52 = -3*j + n*j. What are the prime factors of r?
2, 7
Let t be 445/3 - (-2)/(-6). Suppose t = v + 3*g, v + 32 - 187 = 4*g. List the prime factors of v.
151
Let s = 25 + -29. List the prime factors of (-126)/s + (-15)/10.
2, 3, 5
Let u(n) = 16*n + 5. Let q(l) = -1. Let o(t) = 2*q(t) - u(t). Let j(p) = -47*p - 20. Let h(r) = -6*j(r) + 17*o(r). What are the prime factors of h(2)?
3, 7
Let r = 1043 - -1397. What are the prime factors of r?
2, 5, 61
Let n = -7 + 13. Let o be -1 - (-12)/3 - n. What are the prime factors of (-104)/(-6)*o/(-2)?
2, 13
Let x = 319 - 174. What are the prime factors of (-2)/(-2)*3/(15/x)?
29
Suppose 0 = 36*j - 23*j - 6123. What are the prime factors of j?
3, 157
Let l(v) = -8*v**3 + 5*v**2 + 4*